d is divided by v?
56
Let o(b) = b**3 - 12*b**2 + 2*b - 6. What is the remainder when o(12) is divided by 7?
4
Calculate the remainder when (-29068)/(-260) - 4/5 is divided by 12.
3
Let k(x) = x**2 + 7*x - 4. Let f be k(-7). Calculate the remainder when 1*(-2 + 1) + 7 is divided by f*7/(-10) + 7/35.
0
Suppose -18*a = -13*a - 95. Suppose a*p - 22*p = -138. Calculate the remainder when p is divided by 12.
10
Calculate the remainder when 596 is divided by 3816/371 + (6/(-7))/3.
6
Suppose 17 = 6*g + 5. Let i(y) = -y + 7 + 2*y + g + 0*y. What is the remainder when 26 is divided by i(5)?
12
What is the remainder when 156 is divided by 224/(-6)*(8 - (-496)/(-56))?
28
Let i(s) = -s**3 - s**2 + 17. Suppose -5*a = -4*z + 20, 4*a + 7 = 2*z - 9. Calculate the remainder when i(z) is divided by 9.
8
Suppose -21*j - 187 = -2*t - 20*j, j + 91 = t. What is the remainder when t is divided by 14?
12
Let i(x) = x**2. Let h be i(2). Let z(q) = -q - 1 - 2 + 9 + 0. What is the remainder when 4 is divided by z(h)?
0
Suppose -65*m + 66*m - 22 = -a, -m + 16 = 2*a. Let n(t) = -4*t + 1 + t**2 + 3*t - 3*t. What is the remainder when m is divided by n(5)?
4
Let v(m) = -m**2 - m + 7. Let o be v(-5). Let s = o - -35. What is the remainder when 28 is divided by s/(3 + -4 + 3)?
6
Suppose -4*o = -3*o - 4*o. Suppose -57 = -3*f - v, 8*f - 3*f - 3*v - 95 = o. What is the remainder when f is divided by 7?
5
Let u be 3*(-3 + 60/9). Let t be u/2 - 2/(-4). Suppose 5*b - 4 = -2*w, -w - 1 = 4*b - t. Calculate the remainder when 3 is divided by b.
1
Suppose 3*p + 38 = -31. Let f = -12 - p. Calculate the remainder when f is divided by 4.
3
Let p = 11 - -46. Let n be p/(-7) + (-2)/(-14). Calculate the remainder when 6*1/n*-12 is divided by 6.
3
What is the remainder when ((-162)/216)/(1/(-100)) is divided by 19?
18
Let n(w) = 7*w**3 + 2*w - 7. Let x(l) = -8*l**3 - 2*l + 8. Let k(q) = 5*n(q) + 4*x(q). Calculate the remainder when 72 is divided by k(2).
22
Calculate the remainder when (1984/(-80) - -6)*10/(-2) is divided by 4.
2
Suppose 168 + 495 = 17*b. Let v(z) = -2*z - 4. Let g be v(-3). Calculate the remainder when b is divided by 21/2 - g/4.
9
Suppose y - 78 = -2*y + 5*f, 5*f - 69 = -4*y. Let a be 2/(-4) - (-24)/(-16). Let k = y - a. What is the remainder when 44 is divided by k?
21
Let x(t) = t - 3. Let r = 81 - 80. Calculate the remainder when x(4) is divided by r.
0
What is the remainder when 77 is divided by (-916)/(-38) + -2 + 6/(-57)?
11
Suppose -13*y + 12*y = -5. Suppose -2*t - y*l = -16, 3*t = 5*t + 4*l - 16. Calculate the remainder when 21 is divided by t.
5
Suppose 0 = 3*f - 5*f + 22. Let y = 33 - 27. Suppose 14*z = y*z + 344. Calculate the remainder when z is divided by f.
10
Let h = 7 - -3. Let u = 1233 - 1194. Calculate the remainder when u is divided by h.
9
Let l = -33 + 65. Let y = 16 - 28. What is the remainder when l is divided by ((-36)/(-16))/((-3)/y)?
5
Suppose -3 = -0*q + 2*q + 3*t, 0 = 3*q + 4*t + 2. Let i = q + -1. Suppose -7 = -3*c + 20. What is the remainder when c is divided by i?
4
Let u = -46 - -21. Let r = 37 + u. What is the remainder when 34 is divided by r?
10
What is the remainder when 165 is divided by (156/(-18))/(18/(-27))?
9
Suppose -12*z + 32 = -4*z. Suppose -104 = -z*f - 20. Let q(a) = -4*a - 5. Calculate the remainder when f is divided by q(-4).
10
Let u(m) = m**3 - 10*m**2 + 2*m - 1. Suppose -16*c - 3*i + 8 = -14*c, i + 4 = 0. What is the remainder when u(10) is divided by c?
9
Let x = -746 - -919. Let b(d) = d**3 + 7*d**2 - d - 7. What is the remainder when x is divided by b(-6)?
33
Suppose -21*o + 1792 = 7*o. Calculate the remainder when o is divided by 34.
30
Let t(r) = 141*r + 1340. What is the remainder when t(-7) is divided by 90?
83
Let z = 38 - 26. Let y(t) = 2*t**2 - 11*t - 3. Let m(i) = i**2 + 4*i + 1. Let v be m(-5). Calculate the remainder when z is divided by y(v).
0
Let x(t) = -2*t**3 - 7*t**2 - 4*t + 2. Let a(z) = -z + 26. Let n = -26 + 46. What is the remainder when x(-4) is divided by a(n)?
4
Let d(i) = -i**3 - 2*i**2 + 12*i - 12. What is the remainder when d(-5) is divided by 3?
0
Let h be -51*((-7)/3 + 2). Let y = h - 10. Suppose 20 = l + 8. What is the remainder when l is divided by y?
5
Suppose 0 = 5*p + 20 + 15. What is the remainder when -2*(-3)/(-6)*-5 is divided by (-2 - -1)/(p/14)?
1
Suppose 0*d = d + 44. Suppose 2*q - 6 = -4*a + 2*a, -4*a - 12 = q. Calculate the remainder when 5*d/10*-1 is divided by q.
6
Let r be 1/((12/(-268))/3) - 3. Let h = -41 - r. Calculate the remainder when 113 is divided by h.
26
Suppose -5*t = -3*j - 25, 5*j - 41 = -t - t. Calculate the remainder when 40 is divided by t.
0
Let f = 80 + 1. What is the remainder when f is divided by 19?
5
Let t be -5 + 3 - (-16 + 1). Let y = -11 + t. Suppose 8 = 4*u + 2*w, 4*u - 2*w - w - 28 = 0. Calculate the remainder when u is divided by y.
0
Let t = 2199 + -2090. What is the remainder when t is divided by 14?
11
Suppose 5*l + 2*l + 7 = 0. Let t(n) = -10*n**3 - 3*n**2 - 4*n - 2. Calculate the remainder when 60 is divided by t(l).
6
Suppose -2*k + 12 + 126 = 0. Calculate the remainder when 480 is divided by k.
66
Suppose 65*f = 63*f + 3*b + 158, b = -4. What is the remainder when 288 is divided by f?
69
Suppose 74 = 3*y - 64. What is the remainder when y is divided by 17?
12
Suppose -3*t + 3*x + 6 + 45 = 0, -4*t + 58 = -2*x. Suppose 4*p - 2 = 3*p. What is the remainder when 5/p*(-396)/(-30) is divided by t?
9
Suppose 0*k + 5*k - 252 = -4*l, 4*k - 206 = -l. What is the remainder when k is divided by 23?
6
Let c(x) = 5*x - 1. Let d be c(-1). Let v = d + 0. Calculate the remainder when 3 is divided by (v/4)/(6/(-8)).
1
Let m(f) = 4*f - 8. Let k be m(3). Calculate the remainder when 24 is divided by k/(-5*(-4)/10) - -7.
6
Let w be (6/4)/(6/20). Suppose w*g - 9*g + 16 = 0. Suppose -g*l - l + 455 = 0. Calculate the remainder when l is divided by 23.
22
Let n(m) = 19*m + 108. What is the remainder when 74 is divided by n(-3)?
23
Suppose -3*s = 4*u - 0*u - 239, -s + 183 = 3*u. Calculate the remainder when 180 is divided by u.
56
Let u = -41 + 46. Suppose 0 = -k - u, 10*h = 5*h - 4*k + 130. Calculate the remainder when h is divided by 16.
14
Let m(v) = -v**2 - 6*v - 2. Let b be m(-5). Suppose 5*j = -12 + 2, -4*j + 217 = b*k. Calculate the remainder when k is divided by ((-988)/57)/(4/(-6)).
23
Suppose 570 = 4*b + 5*t, 704 = 48*b - 43*b + 2*t. What is the remainder when b is divided by 29?
24
Suppose -n + 235 = -4*h, 243 = n + 2*h + 38. Let k = n - 97. What is the remainder when k is divided by 17?
16
Let u(q) = q**3 + 14*q**2 + 21*q - 15. Suppose -1 = -n - 13. Calculate the remainder when 60 is divided by u(n).
18
Let a = -15 + 23. Let m(x) = 4*x - 7. Let z = -19 + 26. Calculate the remainder when m(z) is divided by a.
5
Suppose -16 = -0*d - 2*d. Let n(f) = f - 8. Let w be n(d). Suppose 3*i + w*l - 5*l - 224 = 0, -78 = -i + 5*l. Calculate the remainder when i is divided by 19.
16
Let n be 12/(0 - (-9)/(-6)). Let w = n + 25. Let v = 33 + w. What is the remainder when v is divided by 26?
24
Let r(m) = m**2 - 14*m + 101. Calculate the remainder when r(11) is divided by 19.
11
Let u = -383 - -437. Calculate the remainder when u is divided by 14.
12
Let a = -1 - -14. Suppose 8 = -5*r - 7. Calculate the remainder when 351/15 + r/(-5) is divided by a.
11
Let h(m) = -9*m**3 - m**2 + 7. What is the remainder when 674 is divided by h(-2)?
74
Suppose 2*t - 4*t + 62 = 0. Let d = -40 + t. What is the remainder when 5 is divided by -2 - (d + 1 - -2)?
1
Let l = -132 - 95. Let i = l - -335. What is the remainder when i is divided by 37?
34
Let n be (5 - 0)*(1 + 0). Suppose 0*i = n*i - 2*c - 61, -3*i + 2*c + 35 = 0. Let t(r) = -r**2 + 12*r + 19. What is the remainder when 11 is divided by t(i)?
5
What is the remainder when (-4)/6*4452/(-56) is divided by 15?
8
Let f(s) = 2*s**2 + 42*s + 52. Calculate the remainder when f(-21) is divided by 9.
7
What is the remainder when -3*(-4*7/112)/((-8)/(-96)) is divided by (-130)/(-18) + (-2)/9?
2
Let m = 50 - 35. Suppose -256 + 1336 = 10*p. Suppose 4*a + p = 8*a. What is the remainder when a is divided by m?
12
Suppose 20 = -3*g - 31. Calculate the remainder when 57 is divided by (-289)/g - (-1 + 1 - -2).
12
Let p(s) = 26*s - 1059. Calculat